 -238. Let c = p - -78. What is the greatest common factor of 126 and c?
18
Suppose g - 9 + 1 = 0. Suppose 0 = g*d - 4*d - 24. What is the highest common factor of d and 24?
6
Let y(h) be the first derivative of -13*h**4/4 - h**2/2 - h + 157. Suppose 4 = 3*a + 7. Let u be y(a). What is the highest common factor of 117 and u?
13
Suppose 0 = -2*b - 0*b - 2. Let h(f) = -4*f + 2. Let k be h(b). What is the greatest common factor of k and 2?
2
Let j = 318 + -144. Let b = -69 + j. What is the greatest common divisor of 70 and b?
35
Suppose -21*z = 668 - 3083. Calculate the greatest common factor of 161 and z.
23
Let o be (7/(-14))/((-262)/(-132) - 2). Calculate the highest common factor of o and 55.
11
Let t(c) = c**2 - c + 3. Let w be t(0). Let z be 16/w*60/80. Suppose 0*y - y = 5*s + 19, -4*s - 12 = 4*y. What is the greatest common divisor of z and y?
1
Let q be (14425/75)/((-2)/6). Let c be q/(-8) + 6/(-48). What is the highest common divisor of c and 8?
8
Let t(p) = -p**2 + 14*p + 17. Let f(u) = u**3 + 6*u**2 - 19*u - 9. Let z be f(-8). Let m be t(z). Calculate the greatest common factor of m and 2.
2
Let b be 2/(10/551) + (-1)/5. Let v = -102 + b. Calculate the greatest common factor of v and 128.
8
Let w be 92/12 + 7/((-21)/2). Calculate the greatest common factor of 224 and w.
7
Let r(v) = -3*v + 19. Let t be r(5). Suppose f + t*l - 3*l - 60 = 0, 0 = -2*f + 4*l + 150. Calculate the highest common factor of 26 and f.
13
Suppose -6*m + 804 = 5*k - 10*m, -m = -2*k + 324. Calculate the highest common factor of k and 20.
4
Suppose -4*v - 3*x + 7 = 0, -3 = 2*x + 3. Let y be (-1 - 0)*v - -44. What is the greatest common factor of y and 60?
20
Let v be -187 + 2 + (3 - 1). Let d = 421 - 148. Let j = v + d. What is the highest common divisor of j and 10?
10
Suppose -c - 3*c = 96. Let f = 41 + c. Let u = -3 + f. What is the highest common factor of u and 14?
14
Suppose -26 = -9*b + 8*b. Suppose -20*m = -b*m + 714. What is the highest common divisor of 34 and m?
17
Let d(a) = 3*a + 19. Suppose -15 = -v - 4*c, 4*v - 28 = -4*c + 8. Let m be d(v). Calculate the greatest common factor of 4 and m.
4
Let i(a) = 2*a**3 - 2*a**2 + 5*a - 3*a**3 - 5*a**2 - 8. Let f be i(-8). What is the greatest common factor of 48 and f?
16
Suppose -12 - 16 = -4*v. Let x be -4 + v + -7 + 60. What is the highest common factor of x and 84?
28
Let x(q) = -q**3 - 8*q**2 - 10*q. Let f be x(-7). Let w = f + 13. Suppose -3*j + j - 22 = -l, -w = -2*l + 2*j. What is the greatest common factor of l and 3?
3
Let d = -78 - -76. Let k be d/(-2 + (1/(-1))/(-1)). Calculate the highest common divisor of k and 6.
2
Let i be (-2)/6 + (-10)/(-3). Suppose -2*a + 34*o = 36*o - 76, -3*a = -2*o - 89. Calculate the greatest common divisor of a and i.
3
Suppose -d + 11 = 3*v - 7, 4*d = 2*v + 2. Suppose -2*t - 10 = 0, -3*i - v*t + 22 + 31 = 0. What is the greatest common factor of 65 and i?
13
Let t be (5 + 24/(-2))*-13. What is the greatest common factor of 14 and t?
7
Let r(v) = -12*v + 9. Let g be r(0). What is the greatest common factor of 288 and g?
9
Let w = 908 - 738. Calculate the greatest common factor of w and 20.
10
Suppose -3*k = -0*k - 180. Let c(x) = x**2 + 19*x + 25. Let s be c(-18). Suppose -83 - 85 = -s*m. What is the greatest common factor of k and m?
12
Let v = 62 + -28. Let q = 3717 + -3632. What is the greatest common factor of v and q?
17
Let t(d) be the third derivative of 0*d + 0 - 9/8*d**4 + 2*d**2 + 1/3*d**3 - 1/60*d**5. Let v be t(-15). What is the greatest common factor of 26 and v?
26
Let k = 2257 + -1041. What is the highest common factor of k and 19?
19
Let k be ((-2187)/18)/((-21)/56). Calculate the highest common divisor of k and 243.
81
Let r = -413 + 765. What is the greatest common factor of r and 44?
44
Suppose -282 = -g - 114. Let i be 54/15*20/3. What is the greatest common divisor of i and g?
24
Let r = -1127 + 1132. What is the highest common divisor of 25 and r?
5
Suppose -8*u + 3*u + 899 = 4*m, -5*m + 1140 = 3*u. Let q(f) = 21*f**2. Let x be q(-1). Calculate the highest common divisor of x and m.
21
Suppose -76*z + 72*z = -256. Calculate the highest common factor of 40 and z.
8
Let f = 23 + -22. Let h be 2/10 - f/(15/(-267)). Calculate the highest common divisor of h and 63.
9
Let n = -106 + 122. Calculate the highest common factor of 6 and n.
2
Suppose -3*i = -2*p - 5*i + 34, p - i - 15 = 0. What is the highest common factor of 320 and p?
16
Let v(k) = -k**3 - 3*k**2 + 3*k. Let n be v(-7). Calculate the highest common factor of 35 and n.
35
Let m = -179 + 197. Let a(f) = f**2 + 6*f - 7. Let x be a(-5). Let r be -2*5/(10/x). Calculate the greatest common factor of r and m.
6
Let t be 3 - 5/(7 - 2). Suppose 10*u - t*u = 288. Calculate the greatest common divisor of u and 36.
36
Let k be (525/(-60))/((-30)/24). Calculate the greatest common divisor of k and 35.
7
Let k(x) = -12*x**3 + 3*x**2 + 3*x - 6. Let c be k(-3). Suppose 22*z - c = 18*z. What is the greatest common divisor of z and 21?
21
Let x = 15 - 11. Suppose -x*n = -816 - 104. Calculate the highest common divisor of n and 23.
23
Let k be ((-3)/2)/((-3)/16). Suppose 1759*g - 112 = 1755*g. What is the highest common divisor of g and k?
4
Let w(f) be the third derivative of 3*f**4/8 + f**3/3 - 5*f**2. Let v be w(2). Suppose 2*b = v + 16. Calculate the greatest common factor of b and 6.
6
Suppose -5*d + 1 = -9, 3*c = -5*d + 25. Let r(h) = 4*h**2 + 7*h + 4. Let s be r(-4). Calculate the greatest common divisor of s and c.
5
Let p(u) = u + 19. Let v be p(-8). Let s be -3*1/(-3) - -22. Let a = s + 21. What is the greatest common factor of v and a?
11
Suppose -k - 4*y = -123 - 82, 4*k - 4*y - 900 = 0. Calculate the greatest common factor of 13 and k.
13
Let k(t) = -38*t + 1103. Let a be k(27). What is the highest common factor of 253 and a?
11
Let i(b) = 5*b - 8. Let g be i(5). Let y = g - 12. Suppose y*t - 5*w - 30 = 0, 0*w - 14 = -2*t + w. What is the highest common divisor of 24 and t?
8
Let a(y) = 3*y**2 + y - 2. Let q be a(-4). Let n = 27 + -15. What is the highest common factor of q and n?
6
Let p(c) = 6*c - 3. Let l be p(6). Let b = 18 - l. Let z be -22*(b/(-6))/(-5). Calculate the highest common divisor of z and 33.
11
Let m be -18*2/((-4)/6). Suppose -8*w - 56 = -6*w. Let j = m + w. What is the greatest common factor of 13 and j?
13
Let s be 12/(-24)*(1 + -15). Let u(h) = h**3 - 7*h**2 + 3. Let a be u(s). Suppose 252 = a*k + 30. Calculate the greatest common divisor of k and 185.
37
Suppose 60 = 4*h + h. Let s(k) = -4*k + 8. Let p be s(7). Let i be ((-48)/p)/(1/10). Calculate the greatest common factor of i and h.
12
Let k(m) = 2*m**3 + 5*m**2 + 3*m. Let u be k(-3). Let q = 26 + u. Calculate the greatest common divisor of q and 8.
8
Suppose i = 5*g - 52, -254*g + 259*g = -3*i + 44. What is the greatest common divisor of g and 6?
2
Let q = 1695 - -319. What is the highest common divisor of q and 106?
106
Suppose 93*o - 94*o = -135. Suppose -2*w = -4*y - 4*w + 54, 30 = y - 5*w. What is the greatest common factor of o and y?
15
Let k be 4/14 - 1088/(-14). Let y = -46 + k. Suppose 0 = 2*l - 24*l + 176. Calculate the highest common factor of y and l.
8
Suppose -3*i + 7*i + i = 0. Suppose 2*l - 220 = -3*h, i*l - h = -2*l + 204. What is the greatest common divisor of 13 and l?
13
Suppose -40 = x - 3*x - 4*d, -5*x + 48 = -3*d. Let i = 84 + -48. What is the greatest common divisor of i and x?
12
Let j = -311 + 333. Calculate the greatest common factor of j and 11.
11
Suppose 0 = 2*r - z - 3260, r - 882 = 4*z + 762. What is the greatest common divisor of r and 44?
44
Let i(l) = -58*l**2 + 12*l + 9. Let b(x) = 59*x**2 - 14*x - 10. Let j(d) = -5*b(d) - 6*i(d). Let n be j(-2). What is the greatest common divisor of n and 53?
53
Let m = -17 + 28. Let u = -2190 + 2289. Calculate the highest common divisor of u and m.
11
Suppose 4*g = -4 - 12. Let w(i) = 5*i - 1 + 2*i**2 + 0*i**2 + 7. Let n be w(g). What is the greatest common divisor of n and 54?
18
Let n = 11754 + -11718. Suppose 846 - 126 = 5*q. What is the greatest common divisor of q and n?
36
Let c = -433 + 1513. Calculate the highest common factor of 54 and c.
54
Suppose -30 = -s - 4*n, 0 = 5*s + 3*n - 5*n - 62. Let l be ((-10)/15)/(1/(-6)). Suppose l*m - 71